
What is the ten thousands digit of 12279?
1
What is the hundreds digit of 9074?
0
What is the units digit of 3639?
9
What is the thousands digit of 8503?
8
What is the units digit of 6931?
1
What is the tens digit of 53015?
1
What is the tens digit of 4608?
0
What is the units digit of 15924?
4
What is the hundreds digit of 415?
4
What is the tens digit of 9417?
1
What is the thousands digit of 45573?
5
What is the tens digit of 2819?
1
What is the tens digit of 797?
9
What is the thousands digit of 31947?
1
What is the thousands digit of 1072?
1
What is the tens digit of 973?
7
What is the tens digit of 282?
8
What is the ten thousands digit of 70521?
7
What is the hundreds digit of 1475?
4
What is the hundreds digit of 201?
2
What is the hundreds digit of 2023?
0
What is the hundreds digit of 20860?
8
What is the hundreds digit of 20154?
1
What is the tens digit of 1931?
3
What is the units digit of 9084?
4
What is the tens digit of 1517?
1
What is the ten thousands digit of 30988?
3
What is the units digit of 44278?
8
What is the thousands digit of 1809?
1
What is the thousands digit of 8042?
8
What is the hundreds digit of 4420?
4
What is the thousands digit of 81913?
1
What is the ten thousands digit of 22080?
2
What is the tens digit of 3669?
6
What is the units digit of 2521?
1
What is the units digit of 697?
7
What is the tens digit of 6421?
2
What is the hundreds digit of 34923?
9
What is the thousands digit of 2124?
2
What is the tens digit of 77190?
9
What is the tens digit of 4986?
8
What is the tens digit of 302?
0
What is the tens digit of 17?
1
What is the ten thousands digit of 26095?
2
What is the tens digit of 3985?
8
What is the units digit of 3342?
2
What is the hundreds digit of 1258?
2
What is the hundreds digit of 580?
5
What is the units digit of 1840?
0
What is the thousands digit of 9484?
9
What is the thousands digit of 68737?
8
What is the units digit of 5257?
7
What is the hundreds digit of 161?
1
What is the thousands digit of 155515?
5
What is the ten thousands digit of 71072?
7
What is the thousands digit of 2248?
2
What is the hundreds digit of 37704?
7
What is the hundreds digit of 3535?
5
What is the tens digit of 1742?
4
What is the hundreds digit of 142276?
2
What is the tens digit of 3583?
8
What is the units digit of 126?
6
What is the thousands digit of 4834?
4
What is the units digit of 73380?
0
What is the units digit of 437?
7
What is the hundreds digit of 3467?
4
What is the units digit of 7915?
5
What is the hundreds digit of 2392?
3
What is the thousands digit of 1234?
1
What is the thousands digit of 1544?
1
What is the tens digit of 862?
6
What is the hundreds digit of 1797?
7
What is the thousands digit of 55990?
5
What is the thousands digit of 1263?
1
What is the ten thousands digit of 63272?
6
What is the units digit of 257?
7
What is the ten thousands digit of 10644?
1
What is the ten thousands digit of 17681?
1
What is the hundreds digit of 1595?
5
What is the units digit of 3224?
4
What is the tens digit of 3382?
8
What is the hundreds digit of 581?
5
What is the hundreds digit of 3650?
6
What is the hundreds digit of 2238?
2
What is the hundreds digit of 2089?
0
What is the hundreds digit of 299?
2
What is the hundreds digit of 258?
2
What is the hundreds digit of 667?
6
What is the units digit of 2423?
3
What is the ten thousands digit of 11571?
1
What is the tens digit of 2292?
9
What is the units digit of 923?
3
What is the thousands digit of 53397?
3
What is the tens digit of 2194?
9
What is the tens digit of 37906?
0
What is the thousands digit of 1127?
1
What is the tens digit of 179?
7
What is the tens digit of 3341?
4
What is the thousands digit of 13077?
3
What is the ten thousands digit of 47338?
4
What is the units digit of 993?
3
What is the tens digit of 63?
6
What is the units digit of 5884?
4
What is the ten thousands digit of 37940?
3
What is the hundreds digit of 2014?
0
What is the tens digit of 58006?
0
What is the units digit of 42425?
5
What is the hundreds digit of 15229?
2
What is the hundreds digit of 621?
6
What is the tens digit of 1503?
0
What is the thousands digit of 1712?
1
What is the units digit of 53400?
0
What is the hundreds digit of 992?
9
What is the thousands digit of 32708?
2
What is the units digit of 7853?
3
What is the thousands digit of 6494?
6
What is the tens digit of 471?
7
What is the thousands digit of 4511?
4
What is the hundreds digit of 4894?
8
What is the units digit of 71045?
5
What is the units digit of 17373?
3
What is the hundreds digit of 7267?
2
What is the units digit of 1082?
2
What is the units digit of 23577?
7
What is the thousands digit of 79311?
9
What is the thousands digit of 50271?
0
What is the hundreds digit of 629?
6
What is the thousands digit of 1634?
1
What is the hundreds digit of 239?
2
What is the hundreds digit of 1754?
7
What is the hundreds digit of 1660?
6
What is the hundreds digit of 6737?
7
What is the tens digit of 16831?
3
What is the tens digit of 175?
7
What is the tens digit of 621?
2
What is the tens digit of 28186?
8
What is the units digit of 739?
9
What is the tens digit of 2927?
2
What is the hundred thousands digit of 138400?
1
What is the units digit of 24159?
9
What is the thousands digit of 36567?
6
What is the units digit of 81238?
8
What is the hundreds digit of 421?
4
What is the units digit of 63351?
1
What is the units digit of 676?
6
What is the hundreds digit of 108604?
6
What is the tens digit of 686?
8
What is the tens digit of 2804?
0
What is the hundreds digit of 187?
1
What is the thousands digit of 3599?
3
What is the tens digit of 328?
2
What is the tens digit of 1568?
6
What is the ten thousands digit of 106666?
0
What is the hundreds digit of 601?
6
What is the thousands digit of 7652?
7
What is the thousands digit of 2398?
2
What is the thousands digit of 120160?
0
What is the thousands digit of 2906?
2
What is the hundreds digit of 651?
6
What is the hundreds digit of 3020?
0
What is the ten thousands digit of 61433?
6
What is the tens digit of 807?
0
What is the hundreds digit of 185?
1
What is the thousands digit of 64981?
4
What is the thousands digit of 1204?
1
What is the thousands digit of 14882?
4
What is the units digit of 67478?
8
What is the hundreds digit of 317?
3
What is the tens digit of 6265?
6
What is the tens digit of 74880?
8
What is the units digit of 1200?
0
What is the units digit of 566?
6
What is the tens digit of 28528?
2
What is the hundreds digit of 44619?
6
What is the tens digit of 1820?
2
What is the thousands digit of 3647?
3
What is the hundreds digit of 5761?
7
What is the tens digit of 2374?
7
What is the tens digit of 14601?
0
What is the hundreds digit of 114747?
7
What is the thousands digit of 58074?
8
What is the thousands digit of 28715?
8
What is the hundreds digit of 3012?
0
What is the tens digit of 4378?
7
What is the thousands digit of 2177?
2
What is the units digit of 960?
0
What is the hundreds digit of 211?
2
What is the units digit of 6467?
7
What is the hundreds digit of 3790?
7
What is the hundreds digit of 395?
3
What is the hundreds digit of 18939?
9
What is the hundreds digit of 2217?
2
What is the thousands digit of 137861?
7
What is the tens digit of 465?
6
What is the tens digit of 1124?
2
What is the units digit of 1635?
5
What is the tens digit of 1035?
3
What is the thousands digit of 4844?
4
What is the tens digit of 35?
3
What is the tens digit of 5887?
8
What is the units digit of 769?
9
What is the thousands digit of 16278?
6
What is the hundreds digit of 791?
7
What is the thousands digit of 2603?
2
What is the hundreds digit of 75553?
5
What is the tens digit of 1311?
1
What is the units digit of 26634?
4
What is the tens digit of 54188?
8
What is the thousands digit of 30137?
0
What is the units digit of 6944?
4
What is the units digit of 9461?
1
What is the units digit of 7159?
9
What is the units digit of 76701?
1
What is the thousands digit of 54389?
4
What is the tens digit of 631?
3
What is the tens digit of 6024?
2
What is the units digit of 8181?
1
What is the units digit of 3553?
3
What is the tens digit of 13653?
5
What is the hundreds digit of 35286?
2
What is the ten thousands digit of 26917?